{"id":869,"date":"2016-02-18T10:06:40","date_gmt":"2016-02-18T10:06:40","guid":{"rendered":"http:\/\/connection.modeltheme.com\/?page_id=869"},"modified":"2023-10-04T19:05:30","modified_gmt":"2023-10-04T18:05:30","slug":"main-home","status":"publish","type":"page","link":"https:\/\/eurocasa.pt\/","title":{"rendered":"Home"},"content":{"rendered":"<section class=\"wpb-content-wrapper\"><p>[vc_row full_width=&#8221;stretch_row&#8221; css=&#8221;.vc_custom_1689502395214{margin-top: 0px !important;margin-bottom: 0px !important;padding-top: 195px !important;padding-bottom: 100px !important;}&#8221;][vc_column video_bg=&#8221;yes&#8221; video_bg_url=&#8221;https:\/\/www.youtube.com\/shorts\/vs8iAhGFGz8&#8243; video_bg_parallax=&#8221;content-moving&#8221; css_animation=&#8221;fadeIn&#8221;]<div class='gambit_background_row' style='background-color: rgba(15,15,15,0.4);background-size: cover;background-position: center;'><\/div><div class='gambit_parallax_row' data-bg-align='' data-direction='up' data-opacity='50' data-velocity='-0.1' data-mobile-enabled='' data-bg-height='853' data-bg-width='1280' data-bg-image='https:\/\/eurocasa.pt\/wp-content\/uploads\/2023\/06\/city-4820579_1280.jpg' data-bg-repeat='false' data-id='' style='display: none'><\/div><div class=\"title-subtile-holder\"><h1 class=\"section-title light_title\">Encontre a sua Propriedade<\/h1><div class=\"section-border light_border\"><\/div><div class=\"section-subtitle light_subtitle\">Busque a Casa ideal em Portugal com Facilidade e Seguran\u00e7a.<\/div><\/div>[\/vc_column][vc_column][vc_custom_heading text=&#8221;Onde os teus Sonhos se tornam Realidade&#8221; font_container=&#8221;tag:h2|text_align:center|color:%23ffffff&#8221; google_fonts=&#8221;font_family:Acme%3Aregular|font_style:400%20regular%3A400%3Anormal&#8221;]<div class=\"mt-car-search wow fadeIn horizontal_form\">\n                <form method=\"GET\" action=\"https:\/\/eurocasa.pt\/\">\n                  <input type=\"hidden\" name=\"post_type\" value=\"mt_house\" \/>\n                    <div class=\"row\">\n                          <div class=\"slider-state-search col-md-4 in-column-field\">\n                            <label for=\"mt_search_field\">Localiza\u00e7\u00e3o<\/label> \n                            <input id=\"mt_search_field\" type=\"search\" class=\"search-field form-control\" placeholder=\"Digite um endere\u00e7o, estado, cidade\u2026\" value=\"\" name=\"s\" \/>\n                          <\/div><div class=\"mt-form-field-group mt-form-field-bathrooms col-md-4 in-column-field\">\n                                  <label for=\"mt_bathrooms\">Banheiros<\/label> \n                                  <select id=\"mt_bathrooms\" name=\"mt_bathrooms\" class=\"mt_bathrooms form-control\"><option value=''>Banheiros<\/option><option value='1'>1<\/option><option value='6'>6<\/option><\/select>\n                                <\/div><div class=\"slider-state-select col-md-4 in-column-field\">\n                                  <label for=\"mt-house-category\">Selecione uma op\u00e7\u00e3o<\/label> \n                                  <select id=\"mt-house-category\" name=\"mt-house-category\" class=\"select-car-category form-control\"><option value=''>Selecione uma op\u00e7\u00e3o<\/option><option value='comprar'>Comprar<\/option><\/select>\n                                <\/div>  \n\n                                <div class=\"slider-state-select col-md-4 in-column-field\">\n                                  <label for=\"mt-house-type\">Tipos de propriedade<\/label> \n                                  <select id=\"mt-house-type\" name=\"mt-house-type\" class=\"select-car-type form-control\"><option value=''>Tipos de propriedade<\/option><option value='apartamento'>Apartamento<\/option><option value='casa'>Casa<\/option><option value='triplex'>Triplex<\/option><\/select>\n                                <\/div><fieldset class=\"filter-price col-md-4 in-column-field\">\n                                    <div class=\"clearfix\"><\/div>\n                                    <div class=\"price-wrap\">\n                                      <label>Faixa de pre\u00e7o:<\/label>\n                                      <div class=\"price-container\">\n                                        &euro;<span id=\"one\"><\/span>\n                                         - \n                                        &euro;<span id=\"two\"><\/span>\n                                      <\/div>\n                                    <\/div>\n                                    <div class=\"price-field\">\n                                      <input type=\"range\" name=\"min\" min=\"175\" max=\"650000\" value=\"175\" id=\"lower\">\n                                      <input type=\"range\" name=\"max\" min=\"175\" max=\"650000\" value=\"650000\" id=\"upper\">\n                                    <\/div>\n                                    <div class=\"clearfix\"><\/div>\n                                  <\/fieldset><div class=\"slider-state-submit col-md-4 in-column-field submit\">\n                      <input type=\"submit\" value=ENCONTRE AGORA class=\"form-control btn btn-warning\">\n                    <\/div>\n                  <\/div>\n                <\/form>\n        <\/div>[\/vc_column][vc_column][\/vc_column][\/vc_row][vc_row full_width=&#8221;stretch_row&#8221; css=&#8221;.vc_custom_1497354266102{margin-top: 0px !important;margin-bottom: 0px !important;padding-top: 107px !important;padding-bottom: 90px !important;background-color: #ffffff !important;}&#8221;][vc_column]<div class=\"title-subtile-holder\"><h1 class=\"section-title dark_title\">Propriedades para vender<\/h1><div class=\"section-border dark_border\"><\/div><div class=\"section-subtitle dark_subtitle\">Atualmente, temos uma ampla sele\u00e7\u00e3o de propriedades incr\u00edveis dispon\u00edveis para venda. Nossas op\u00e7\u00f5es s\u00e3o verdadeiramente excepcionais e oferecem oportunidades \u00fanicas para aqueles que procuram adquirir uma propriedade. Seja voc\u00ea um investidor em busca de im\u00f3veis promissores ou algu\u00e9m em busca da casa dos sonhos, temos op\u00e7\u00f5es que certamente ir\u00e3o atender \u00e0s suas expectativas. Explore as op\u00e7\u00f5es dispon\u00edveis conosco e descubra as melhores oportunidades imobili\u00e1rias do momento.<\/div><\/div><div class=\"house-posts blog-posts car-posts blog-posts-shortcode\"><div class=\"row\"><\/div><\/div>[\/vc_column][\/vc_row][vc_row full_width=&#8221;stretch_row&#8221; css=&#8221;.vc_custom_1495468522025{margin-top: 0px !important;margin-right: 0px !important;margin-bottom: 0px !important;margin-left: 0px !important;padding-top: 115px !important;padding-right: 0px !important;padding-bottom: 135px !important;padding-left: 0px !important;}&#8221;][vc_column css=&#8221;.vc_custom_1688628888412{margin-top: 180px !important;}&#8221;]<div class='gambit_parallax_row' data-bg-align='' data-direction='up' data-opacity='100' data-velocity='-0.2' data-mobile-enabled='' data-bg-height='909' data-bg-width='1280' data-bg-image='https:\/\/eurocasa.pt\/wp-content\/uploads\/2023\/06\/tram-4379656_1280.jpg' data-bg-repeat='false' data-id='' style='display: none'><\/div>[\/vc_column][\/vc_row][vc_row full_width=&#8221;stretch_row&#8221; css=&#8221;.vc_custom_1502355497683{margin-top: 0px !important;margin-bottom: 0px !important;padding-top: 110px !important;padding-bottom: 100px !important;background-color: #f7f7f7 !important;}&#8221;][vc_column width=&#8221;1\/2&#8243; css=&#8221;.vc_custom_1688676101020{margin-top: -90px !important;padding-top: 0px !important;}&#8221;][vc_custom_heading text=&#8221;Entrar em contato&#8221; font_container=&#8221;tag:h1|font_size:50px|text_align:left|color:%23252525|line_height:60px&#8221; google_fonts=&#8221;font_family:Ubuntu%3A300%2C300italic%2Cregular%2Citalic%2C500%2C500italic%2C700%2C700italic|font_style:700%20bold%20regular%3A700%3Anormal&#8221; css_animation=&#8221;fadeIn&#8221;][vc_empty_space height=&#8221;12px&#8221;][vc_column_text css_animation=&#8221;appear&#8221;]Fique \u00e0 vontade para entrar em contato conosco e aproveitar nossos servi\u00e7os de assist\u00eancia personalizada. Estamos \u00e0 disposi\u00e7\u00e3o para fornecer informa\u00e7\u00f5es adicionais e ajud\u00e1-lo da melhor forma poss\u00edvel.[\/vc_column_text][vc_empty_space height=&#8221;30px&#8221;][vc_row_inner][vc_column_inner width=&#8221;1\/2&#8243;]<style type=\"text\/css\" scoped>\n                .mt-icon-list-item:hover i, .mt-icon-list-item:hover {\n                    color: #009dde !important;\n                }\n              <\/style><div class=\"mt-icon-list-item\"><div class=\"mt-icon-list-icon-holder\">\n                  <div class=\"mt-icon-list-icon-holder-inner clearfix\"><i style=\"margin-right:15px; color:#009dde;font-size:24px\" class=\"fa fa-phone\"><\/i><\/div>\n                <\/div>\n                <p class=\"mt-icon-list-text\" style=\"font-size: 15pxpx; color: #252525\">+44 7706786636<\/p><\/div>[vc_empty_space height=&#8221;15px&#8221;][\/vc_column_inner][vc_column_inner width=&#8221;1\/2&#8243;]<style type=\"text\/css\" scoped>\n                .mt-icon-list-item:hover i, .mt-icon-list-item:hover {\n                    color: #009dde !important;\n                }\n              <\/style><div class=\"mt-icon-list-item\"><div class=\"mt-icon-list-icon-holder\">\n                  <div class=\"mt-icon-list-icon-holder-inner clearfix\"><i style=\"margin-right:15px; color:#009dde;font-size:24px\" class=\"fa fa-envelope\"><\/i><\/div>\n                <\/div>\n                <p class=\"mt-icon-list-text\" style=\"font-size: 15pxpx; color: #252525\">contato@eurocasa.pt<\/p><\/div>[vc_empty_space height=&#8221;15px&#8221;]<style type=\"text\/css\" scoped>\n                .mt-icon-list-item:hover i, .mt-icon-list-item:hover {\n                    color: #009dde !important;\n                }\n              <\/style><div class=\"mt-icon-list-item\"><div class=\"mt-icon-list-icon-holder\">\n                  <div class=\"mt-icon-list-icon-holder-inner clearfix\"><i style=\"margin-right:15px; color:#009dde;font-size:24px\" class=\"fa fa-clock-o\"><\/i><\/div>\n                <\/div>\n                <p class=\"mt-icon-list-text\" style=\"font-size: 15pxpx; color: #252525\">Seg-S\u00e1b: 9h00 - 18h00<\/p><\/div>[\/vc_column_inner][\/vc_row_inner][\/vc_column][vc_column css_animation=&#8221;appear&#8221; width=&#8221;1\/2&#8243;]\n<div class=\"wpcf7 no-js\" id=\"wpcf7-f7104-o1\" lang=\"en-US\" dir=\"ltr\">\n<div class=\"screen-reader-response\"><p role=\"status\" aria-live=\"polite\" aria-atomic=\"true\"><\/p> <ul><\/ul><\/div>\n<form action=\"\/index.php\/wp-json\/wp\/v2\/pages\/869#wpcf7-f7104-o1\" method=\"post\" class=\"wpcf7-form init\" aria-label=\"Contact form\" novalidate=\"novalidate\" data-status=\"init\">\n<div style=\"display: none;\">\n<input type=\"hidden\" name=\"_wpcf7\" value=\"7104\" \/>\n<input type=\"hidden\" name=\"_wpcf7_version\" value=\"5.9.8\" \/>\n<input type=\"hidden\" name=\"_wpcf7_locale\" value=\"en_US\" \/>\n<input type=\"hidden\" name=\"_wpcf7_unit_tag\" value=\"wpcf7-f7104-o1\" \/>\n<input type=\"hidden\" name=\"_wpcf7_container_post\" value=\"0\" \/>\n<input type=\"hidden\" name=\"_wpcf7_posted_data_hash\" value=\"\" \/>\n<\/div>\n<div class=\"col-md-6\">\n\t<div class=\"first-name-input\">\n\t\t<p><label>Nome<\/label><br \/>\n<span class=\"wpcf7-form-control-wrap\" data-name=\"first-name\"><input size=\"40\" maxlength=\"400\" class=\"wpcf7-form-control wpcf7-text wpcf7-validates-as-required\" aria-required=\"true\" aria-invalid=\"false\" value=\"\" type=\"text\" name=\"first-name\" \/><\/span>\n\t\t<\/p>\n\t<\/div>\n\t<div class=\"subject-input\">\n\t\t<p><label>Assunto<\/label><br \/>\n<span class=\"wpcf7-form-control-wrap\" data-name=\"your-subject\"><input size=\"40\" maxlength=\"400\" class=\"wpcf7-form-control wpcf7-text\" aria-invalid=\"false\" value=\"\" type=\"text\" name=\"your-subject\" \/><\/span>\n\t\t<\/p>\n\t<\/div>\n<\/div>\n<div class=\"col-md-6\">\n\t<div class=\"last-name-input\">\n\t\t<p><label>Sobrenome<\/label><br \/>\n<span class=\"wpcf7-form-control-wrap\" data-name=\"last-name\"><input size=\"40\" maxlength=\"400\" class=\"wpcf7-form-control wpcf7-text wpcf7-validates-as-required\" aria-required=\"true\" aria-invalid=\"false\" value=\"\" type=\"text\" name=\"last-name\" \/><\/span>\n\t\t<\/p>\n\t<\/div>\n\t<div class=\"email-input\">\n\t\t<p><label>Email<\/label><br \/>\n<span class=\"wpcf7-form-control-wrap\" data-name=\"your-email\"><input size=\"40\" maxlength=\"400\" class=\"wpcf7-form-control wpcf7-email wpcf7-validates-as-required wpcf7-text wpcf7-validates-as-email\" aria-required=\"true\" aria-invalid=\"false\" value=\"\" type=\"email\" name=\"your-email\" \/><\/span>\n\t\t<\/p>\n\t<\/div>\n<\/div>\n<div class=\"col-md-12\">\n\t<div class=\"message-input\">\n\t\t<p><label>Mensagem<\/label><br \/>\n<span class=\"wpcf7-form-control-wrap\" data-name=\"your-message\"><textarea cols=\"3\" rows=\"3\" maxlength=\"2000\" class=\"wpcf7-form-control wpcf7-textarea\" aria-invalid=\"false\" name=\"your-message\"><\/textarea><\/span>\n\t\t<\/p>\n\t<\/div>\n<\/div>\n<div class=\"col-md-12\">\n\t<p><input class=\"wpcf7-form-control wpcf7-submit has-spinner\" type=\"submit\" value=\"Enviar mensagem &rarr;\" \/>\n\t<\/p>\n<\/div><div class=\"wpcf7-response-output\" aria-hidden=\"true\"><\/div>\n<\/form>\n<\/div>\n[\/vc_column][\/vc_row][vc_row full_width=&#8221;stretch_row&#8221; css=&#8221;.vc_custom_1495527471795{margin-top: 0px !important;margin-bottom: 0px !important;padding-top: 40px !important;padding-bottom: 85px !important;background-color: #009dde !important;}&#8221;][vc_column][vc_custom_heading text=&#8221;Quer comprar uma casa ou vender seu Im\u00f3vel?<br \/>\nFale Conosco <strong>+44 7706786636<\/strong>&#8221; font_container=&#8221;tag:h2|font_size:30px|text_align:center|color:%23ffffff|line_height:45px&#8221; google_fonts=&#8221;font_family:Ubuntu%3A300%2C300italic%2Cregular%2Citalic%2C500%2C500italic%2C700%2C700italic|font_style:400%20regular%3A400%3Anormal&#8221; css_animation=&#8221;appear&#8221;][\/vc_column][\/vc_row]<\/p>\n<\/section>","protected":false},"excerpt":{"rendered":"<p>[vc_row full_width=&#8221;stretch_row&#8221; css=&#8221;.vc_custom_1689502395214{margin-top: 0px !important;margin-bottom: 0px !important;padding-top: 195px !important;padding-bottom: 100px !important;}&#8221;][vc_column video_bg=&#8221;yes&#8221; video_bg_url=&#8221;https:\/\/www.youtube.com\/shorts\/vs8iAhGFGz8&#8243; video_bg_parallax=&#8221;content-moving&#8221; css_animation=&#8221;fadeIn&#8221;][\/vc_column][vc_column][vc_custom_heading text=&#8221;Onde os teus Sonhos se tornam Realidade&#8221; font_container=&#8221;tag:h2|text_align:center|color:%23ffffff&#8221; google_fonts=&#8221;font_family:Acme%3Aregular|font_style:400%20regular%3A400%3Anormal&#8221;][\/vc_column][vc_column][\/vc_column][\/vc_row][vc_row full_width=&#8221;stretch_row&#8221; css=&#8221;.vc_custom_1497354266102{margin-top: 0px !important;margin-bottom: 0px !important;padding-top: 107px !important;padding-bottom: 90px !important;background-color: #ffffff !important;}&#8221;][vc_column][\/vc_column][\/vc_row][vc_row full_width=&#8221;stretch_row&#8221; css=&#8221;.vc_custom_1495468522025{margin-top: 0px !important;margin-right: 0px !important;margin-bottom: 0px !important;margin-left: 0px !important;padding-top: 115px !important;padding-right: 0px !important;padding-bottom: 135px !important;padding-left: 0px !important;}&#8221;][vc_column css=&#8221;.vc_custom_1688628888412{margin-top: [&hellip;]<\/p>\n","protected":false},"author":1,"featured_media":9078,"parent":0,"menu_order":0,"comment_status":"closed","ping_status":"closed","template":"","meta":{"footnotes":""},"_links":{"self":[{"href":"https:\/\/eurocasa.pt\/index.php\/wp-json\/wp\/v2\/pages\/869"}],"collection":[{"href":"https:\/\/eurocasa.pt\/index.php\/wp-json\/wp\/v2\/pages"}],"about":[{"href":"https:\/\/eurocasa.pt\/index.php\/wp-json\/wp\/v2\/types\/page"}],"author":[{"embeddable":true,"href":"https:\/\/eurocasa.pt\/index.php\/wp-json\/wp\/v2\/users\/1"}],"replies":[{"embeddable":true,"href":"https:\/\/eurocasa.pt\/index.php\/wp-json\/wp\/v2\/comments?post=869"}],"version-history":[{"count":46,"href":"https:\/\/eurocasa.pt\/index.php\/wp-json\/wp\/v2\/pages\/869\/revisions"}],"predecessor-version":[{"id":9290,"href":"https:\/\/eurocasa.pt\/index.php\/wp-json\/wp\/v2\/pages\/869\/revisions\/9290"}],"wp:featuredmedia":[{"embeddable":true,"href":"https:\/\/eurocasa.pt\/index.php\/wp-json\/wp\/v2\/media\/9078"}],"wp:attachment":[{"href":"https:\/\/eurocasa.pt\/index.php\/wp-json\/wp\/v2\/media?parent=869"}],"curies":[{"name":"wp","href":"https:\/\/api.w.org\/{rel}","templated":true}]}}